1 and 1096?
137
What is the greatest common divisor of 4 and 429686?
2
Calculate the greatest common factor of 232 and 303572.
116
What is the greatest common divisor of 190 and 3328420?
190
Calculate the greatest common factor of 340 and 2321860.
340
What is the greatest common divisor of 20 and 559530?
10
Calculate the greatest common factor of 4473 and 8449.
497
What is the greatest common divisor of 60030 and 696?
174
What is the greatest common factor of 15190 and 3530?
10
What is the greatest common factor of 6910642 and 2204?
1102
What is the highest common factor of 123210 and 36?
18
Calculate the greatest common factor of 45 and 10341.
9
What is the highest common factor of 208425 and 794?
397
Calculate the greatest common divisor of 1518 and 1166330.
506
Calculate the highest common factor of 4165 and 788851.
833
Calculate the highest common divisor of 383677 and 295.
59
What is the greatest common divisor of 1760 and 583?
11
What is the highest common factor of 39 and 380445?
39
What is the greatest common factor of 9590 and 2450?
70
What is the greatest common divisor of 91763 and 119?
7
Calculate the greatest common divisor of 14076 and 34476.
204
Calculate the greatest common factor of 8591678 and 2644.
1322
Calculate the highest common factor of 1362 and 436521.
681
What is the greatest common factor of 95640 and 3720?
120
Calculate the greatest common factor of 8878 and 13124.
386
What is the greatest common divisor of 23 and 1334115?
23
What is the highest common factor of 7259 and 2623?
61
Calculate the greatest common factor of 266 and 2117759.
133
What is the greatest common factor of 37 and 3731339?
37
Calculate the greatest common divisor of 105 and 40145.
35
Calculate the greatest common factor of 455 and 35308.
91
What is the highest common factor of 59843 and 23821?
581
Calculate the highest common factor of 3887 and 416.
13
Calculate the greatest common divisor of 30 and 2615.
5
Calculate the highest common divisor of 1056 and 32064.
96
What is the greatest common divisor of 1690225 and 615?
205
Calculate the highest common divisor of 59469 and 4128.
129
What is the greatest common factor of 7 and 66949?
1
What is the greatest common factor of 664307 and 602?
301
What is the greatest common factor of 37 and 13417088?
37
Calculate the greatest common factor of 33232 and 155.
31
What is the greatest common divisor of 5159 and 130851?
469
Calculate the greatest common factor of 184650 and 150.
150
Calculate the highest common divisor of 723088 and 64.
16
What is the highest common divisor of 2385 and 254400?
795
Calculate the highest common divisor of 560 and 9155.
5
What is the highest common divisor of 805448 and 304?
152
What is the greatest common factor of 22856 and 3688?
8
What is the highest common factor of 87185 and 315?
35
What is the highest common factor of 301782 and 876?
438
What is the highest common divisor of 1 and 10061?
1
Calculate the greatest common divisor of 204724 and 9652.
508
What is the highest common factor of 24 and 1707?
3
Calculate the greatest common divisor of 176701 and 7.
7
What is the highest common factor of 54610 and 9030?
430
Calculate the highest common factor of 156 and 30036.
12
Calculate the greatest common factor of 117 and 8125.
13
What is the greatest common factor of 3420 and 729315?
855
Calculate the greatest common factor of 285 and 1597045.
95
What is the greatest common factor of 736 and 25504?
32
What is the greatest common divisor of 1750 and 616?
14
Calculate the greatest common factor of 306 and 22698.
18
Calculate the highest common factor of 533 and 6071.
13
Calculate the highest common factor of 1392 and 1920.
48
Calculate the greatest common divisor of 2180 and 105076.
436
What is the highest common divisor of 1304629 and 184?
23
What is the highest common divisor of 2377580 and 1060?
1060
What is the highest common divisor of 30 and 61910?
10
Calculate the highest common divisor of 204755 and 403.
31
What is the greatest common factor of 292 and 674447?
73
Calculate the greatest common divisor of 1425 and 5339.
19
What is the highest common divisor of 472 and 32332?
236
What is the highest common divisor of 130624 and 624?
208
What is the highest common factor of 6656 and 42880?
128
What is the highest common factor of 865557 and 1386?
693
Calculate the highest common divisor of 267 and 3061956.
267
What is the greatest common divisor of 82584 and 555?
111
Calculate the greatest common divisor of 9488 and 9848.
8
What is the greatest common divisor of 1904 and 26348?
28
What is the greatest common divisor of 8136807 and 798?
399
Calculate the greatest common factor of 3610 and 3173.
19
What is the greatest common factor of 364 and 26292?
28
What is the greatest common divisor of 5978 and 1274?
98
What is the greatest common divisor of 852356 and 409?
409
Calculate the highest common divisor of 2613 and 139092.
201
What is the highest common divisor of 8012 and 12?
4
Calculate the greatest common divisor of 194123 and 38.
19
Calculate the greatest common divisor of 3125492 and 8416.
1052
What is the greatest common divisor of 163 and 4736617?
163
Calculate the highest common divisor of 90598 and 25414.
194
What is the greatest common divisor of 1178149 and 329?
329
Calculate the highest common divisor of 232 and 18008.
8
Calculate the highest common factor of 14382 and 2448.
306
Calculate the highest common divisor of 2300199 and 132.
33
Calculate the greatest common divisor of 2 and 4078.
2
What is the highest common divisor of 69733 and 548?
137
What is the greatest common divisor of 3607 and 2?
1
What is the highest common divisor of 24047 and 41839?
139
Calculate the highest common divisor of 180 and 9400.
20
What is the greatest common divisor of 124 and 2598482?
62
What is the highest common factor of 6882 and 814?
74
Calculate the highest common divisor of 777 and 19536.
111
Calculate the greatest common factor of 6 and 93552.
6
What is the highest common factor of 90 and 13920?
30
What is the highest common divisor of 823 and 680621?
823
What is the greatest common divisor of 22701 and 84?
21
What is the greatest common divisor of 57274 and 2?
2
What is the greatest common factor of 864 and 16578?
54
What is the highest common factor of 1472 and 33664?
64
What is the highest common factor of 224102 and 1246?
178
What is the greatest common divisor of 151 and 5537472?
151
Calculate the greatest common divisor of 6820 and 215760.
620
Calculate the greatest common factor of 27393 and 1985.
397
Calculate the highest common factor of 19290 and 320.
10
What is the highest common factor of 72085 and 65?
65
What is the greatest common divisor of 13016 and 24?
8
Calculate the greatest common divisor of 703 and 31968.
37
What is the greatest common divisor of 5289975 and 170?
85
What is the greatest common factor of 29797 and 830?
83
Calculate the greatest common divisor of 1615 and 80495.
85
What is the highest common factor of 750 and 10338?
6
What is the highest common divisor of 14 and 909979?
7
Calculate the greatest common factor of 154 and 782740.
14
Calculate the highest common divisor of 3589 and 289739.
97
What is the highest common factor of 9300 and 372?
372
What is the greatest common factor of 88 and 930908?
44
Calculate the greatest common factor of 10 and 93970.
10
Calculate the highest common divisor of 1218729 and 3052.
109
Calculate the greatest common factor of 6716 and 1380.
92
What is the greatest common divisor of 1136010 and 1710?
570
Calculate the greatest common divisor of 756 and 700.
28
Calculate the greatest common factor of 268 and 35242.
134
Calculate the greatest common divisor of 5896 and 5762.
134
What is the greatest common factor of 10535 and 2401?
49
Calculate the greatest common factor of 15114 and 11221.
229
What is the highest common factor of 410 and 101475?
205
Calculate the highest common divisor of 80 and 2943440.
80
What is the highest common divisor of 728 and 1144?
104
Calculate the greatest common divisor of 59650 and 1850.
50
What is the greatest common divisor of 66 and 538791?
33
What is the greatest common factor of 116565 and 285?
285
What is the greatest common factor of 1364 and 781913?
341
What is the gre